 5007?
0
What is the hundreds digit of 8679?
6
What is the tens digit of 635?
3
What is the thousands digit of 4477?
4
What is the thousands digit of 8541?
8
What is the units digit of 115284?
4
What is the tens digit of 155?
5
What is the units digit of 4440?
0
What is the units digit of 4550?
0
What is the units digit of 18731?
1
What is the units digit of 2673?
3
What is the hundreds digit of 4552?
5
What is the units digit of 901?
1
What is the units digit of 11186?
6
What is the hundreds digit of 2334?
3
What is the tens digit of 25402?
0
What is the thousands digit of 3790?
3
What is the hundreds digit of 174814?
8
What is the thousands digit of 31638?
1
What is the thousands digit of 75563?
5
What is the units digit of 687?
7
What is the thousands digit of 4140?
4
What is the units digit of 15450?
0
What is the tens digit of 2252?
5
What is the hundreds digit of 10296?
2
What is the units digit of 1480?
0
What is the units digit of 20334?
4
What is the tens digit of 4898?
9
What is the thousands digit of 17470?
7
What is the units digit of 2897?
7
What is the units digit of 4137?
7
What is the tens digit of 137?
3
What is the thousands digit of 24322?
4
What is the tens digit of 68?
6
What is the units digit of 654?
4
What is the tens digit of 1007?
0
What is the units digit of 183530?
0
What is the ten thousands digit of 45592?
4
What is the thousands digit of 21329?
1
What is the ten thousands digit of 70934?
7
What is the tens digit of 5995?
9
What is the thousands digit of 54519?
4
What is the units digit of 14308?
8
What is the tens digit of 2683?
8
What is the hundreds digit of 1432?
4
What is the hundreds digit of 574?
5
What is the thousands digit of 68045?
8
What is the tens digit of 554?
5
What is the hundreds digit of 1272?
2
What is the thousands digit of 1460?
1
What is the tens digit of 1406?
0
What is the thousands digit of 11211?
1
What is the hundreds digit of 979?
9
What is the units digit of 1254?
4
What is the units digit of 54179?
9
What is the tens digit of 229?
2
What is the tens digit of 1503?
0
What is the tens digit of 392?
9
What is the units digit of 3261?
1
What is the hundreds digit of 27097?
0
What is the hundreds digit of 30118?
1
What is the units digit of 6162?
2
What is the hundreds digit of 913?
9
What is the tens digit of 1784?
8
What is the tens digit of 7519?
1
What is the tens digit of 26578?
7
What is the ten thousands digit of 173665?
7
What is the tens digit of 446?
4
What is the hundreds digit of 4401?
4
What is the units digit of 2554?
4
What is the units digit of 2535?
5
What is the hundreds digit of 1849?
8
What is the ten thousands digit of 15478?
1
What is the thousands digit of 2106?
2
What is the thousands digit of 13930?
3
What is the thousands digit of 7083?
7
What is the hundreds digit of 151?
1
What is the tens digit of 686?
8
What is the hundreds digit of 7539?
5
What is the units digit of 3278?
8
What is the hundreds digit of 134106?
1
What is the tens digit of 2088?
8
What is the tens digit of 33388?
8
What is the units digit of 21513?
3
What is the ten thousands digit of 22162?
2
What is the thousands digit of 12596?
2
What is the thousands digit of 82589?
2
What is the hundreds digit of 477?
4
What is the tens digit of 4449?
4
What is the units digit of 2860?
0
What is the hundreds digit of 168?
1
What is the units digit of 3294?
4
What is the tens digit of 47967?
6
What is the hundreds digit of 303?
3
What is the tens digit of 64?
6
What is the tens digit of 2379?
7
What is the tens digit of 5953?
5
What is the ten thousands digit of 15451?
1
What is the tens digit of 661?
6
What is the hundreds digit of 12574?
5
What is the tens digit of 9631?
3
What is the units digit of 13?
3
What is the tens digit of 1613?
1
What is the tens digit of 25786?
8
What is the thousands digit of 1000?
1
What is the tens digit of 1453?
5
What is the hundreds digit of 914?
9
What is the ten thousands digit of 42461?
4
What is the tens digit of 51227?
2
What is the thousands digit of 72973?
2
What is the hundreds digit of 18220?
2
What is the thousands digit of 18636?
8
What is the ten thousands digit of 38803?
3
What is the tens digit of 14537?
3
What is the tens digit of 110414?
1
What is the tens digit of 16411?
1
What is the hundreds digit of 145?
1
What is the ten thousands digit of 67796?
6
What is the thousands digit of 1856?
1
What is the thousands digit of 1333?
1
What is the units digit of 3923?
3
What is the hundreds digit of 2262?
2
What is the thousands digit of 1800?
1
What is the ten thousands digit of 149723?
4
What is the ten thousands digit of 31850?
3
What is the thousands digit of 4134?
4
What is the tens digit of 158596?
9
What is the hundreds digit of 7807?
8
What is the tens digit of 1717?
1
What is the thousands digit of 41982?
1
What is the hundreds digit of 9100?
1
What is the tens digit of 241?
4
What is the ten thousands digit of 14323?
1
What is the hundreds digit of 396?
3
What is the ten thousands digit of 100807?
0
What is the hundreds digit of 4704?
7
What is the thousands digit of 4570?
4
What is the ten thousands digit of 22692?
2
What is the units digit of 779?
9
What is the hundreds digit of 50611?
6
What is the hundreds digit of 321?
3
What is the hundreds digit of 696?
6
What is the tens digit of 6032?
3
What is the units digit of 4285?
5
What is the hundreds digit of 40917?
9
What is the ten thousands digit of 27920?
2
What is the thousands digit of 14187?
4
What is the hundreds digit of 742?
7
What is the hundreds digit of 956?
9
What is the ten thousands digit of 69168?
6
What is the ten thousands digit of 11398?
1
What is the tens digit of 31088?
8
What is the tens digit of 11650?
5
What is the tens digit of 6522?
2
What is the tens digit of 8819?
1
What is the thousands digit of 1537?
1
What is the hundreds digit of 1494?
4
What is the tens digit of 2334?
3
What is the ten thousands digit of 64254?
6
What is the hundreds digit of 1359?
3
What is the thousands digit of 79658?
9
What is the tens digit of 5881?
8
What is the ten thousands digit of 87051?
8
What is the hundreds digit of 1404?
4
What is the thousands digit of 21181?
1
What is the ten thousands digit of 30280?
3
What is the ten thousands digit of 73441?
7
What is the hundreds digit of 1432?
4
What is the tens digit of 27935?
3
What is the tens digit of 1437?
3
What is the tens digit of 23908?
0
What is the ten thousands digit of 34576?
3
What is the thousands digit of 1618?
1
What is the units digit of 8685?
5
What is the units digit of 69470?
0
What is the hundreds digit of 4935?
9
What is the units digit of 8618?
8
What is the tens digit of 4285?
8
What is the thousands digit of 9092?
9
What is the units digit of 598?
8
What is the thousands digit of 4444?
4
What is the ten thousands digit of 24495?
2
What is the units digit of 11479?
9
What is the hundreds digit of 29788?
7
What is the ten thousands digit of 31348?
3
What is the thousands digit of 8350?
8
What is the tens digit of 10004?
0
What is the tens digit of 144?
4
What is the tens digit of 265?
6
What is the tens digit of 2396?
9
What is the hundreds digit of 61963?
9
What is the tens digit of 134349?
4
What is the hundreds digit of 35487?
4
What is the ten thousands digit of 19046?
1
What is the units digit of 1591?
1
What is the units digit of 959?
9
What is the hundreds digit of 4578?
5
What is the tens digit of 1156?
5
What is the units digit of 381?
1
What is the units digit of 2049?
9
What is the hundreds digit of 13008?
0
What is the hundreds digit of 1075?
0
What is the hundreds digit of 4070?
0
What is the tens digit of 32?
3
What is the thousands digit of 37735?
7
What is the units digit of 55308?
8
What is the thousands digit of 46141?
6
What is the hundreds digit of 2751?
7
What is the units digit of 5901?
1
What is the units digit of 2035?
5
What is the tens digit of 1844?
4
What is the thousands digit of 2616?
2
What is the hundreds digit of 2469?
4
What is the tens digit of 36760?
6
What is the tens digit of 887?
8
What is the hundreds digit of 48424?
4
What is the ten thousands digit of 130465?
3
What is the hundreds digit of 1425?
4
What is the units digit of 7002?
2
What is the units digit of 4?
4
What is the t